the prime factors of 997912926?
2, 3, 101, 182969
What are the prime factors of 467969074?
2, 233984537
List the prime factors of 38561052.
2, 3, 3213421
List the prime factors of 57370425.
3, 5, 7, 67, 233
List the prime factors of 80523333.
3, 11, 813367
What are the prime factors of 159294912?
2, 3, 7, 29, 61, 67
List the prime factors of 173504.
2, 2711
List the prime factors of 41795729.
83, 503563
What are the prime factors of 6876932?
2, 1719233
List the prime factors of 1086612070.
2, 5, 1277, 85091
What are the prime factors of 107427511?
107427511
List the prime factors of 187009136.
2, 23, 613, 829
List the prime factors of 238300693.
3049, 78157
What are the prime factors of 497205?
3, 5, 29, 127
List the prime factors of 653907048.
2, 3, 179, 152213
What are the prime factors of 354648125?
5, 13, 43649
List the prime factors of 5685845645.
5, 14057, 80897
What are the prime factors of 3560491956?
2, 3, 7, 47, 541, 1667
What are the prime factors of 880507215?
3, 5, 7, 19, 21017
What are the prime factors of 14489566?
2, 7, 13, 79613
List the prime factors of 517561946.
2, 11, 197, 119419
What are the prime factors of 37659070?
2, 5, 563, 6689
List the prime factors of 501719136.
2, 3, 293, 17837
What are the prime factors of 410531162?
2, 205265581
List the prime factors of 838033298.
2, 2621, 159869
List the prime factors of 1921608836.
2, 7, 139, 493733
List the prime factors of 3060271.
59, 51869
List the prime factors of 89216833.
17, 79, 66431
List the prime factors of 942816942.
2, 3, 3803, 4591
List the prime factors of 113628850.
2, 5, 17, 37, 3613
What are the prime factors of 55100202?
2, 3, 61, 151, 997
What are the prime factors of 135315549?
3, 19, 37, 7129
What are the prime factors of 273844343?
67, 4087229
What are the prime factors of 1274119434?
2, 3, 7, 17, 594827
What are the prime factors of 267151413?
3, 17, 401, 13063
List the prime factors of 543626891.
661, 822431
List the prime factors of 52398751.
19, 2757829
List the prime factors of 5120871.
3, 7, 243851
What are the prime factors of 369880477?
191, 1936547
List the prime factors of 19616884.
2, 7, 23, 83, 367
What are the prime factors of 1962824488?
2, 17, 19, 41, 97, 191
What are the prime factors of 77129740?
2, 5, 19, 202973
What are the prime factors of 761091467?
15361, 49547
List the prime factors of 427084516.
2, 23, 4642223
List the prime factors of 423431314.
2, 107, 683, 2897
What are the prime factors of 711229846?
2, 355614923
List the prime factors of 7581889168.
2, 7, 937, 10321
What are the prime factors of 95868784?
2, 11, 23, 2153
List the prime factors of 5671766613.
3, 179, 223, 47363
What are the prime factors of 749527586?
2, 17, 2113, 10433
What are the prime factors of 11798823?
3, 3932941
What are the prime factors of 34848371?
31, 1124141
What are the prime factors of 45673502?
2, 7, 3262393
What are the prime factors of 251499148?
2, 62874787
What are the prime factors of 53632057?
53632057
What are the prime factors of 51831836?
2, 7, 421, 4397
List the prime factors of 121880391.
3, 1063, 38219
List the prime factors of 16659967.
53, 314339
What are the prime factors of 169648001?
907, 187043
What are the prime factors of 354612668?
2, 89, 996103
List the prime factors of 1561374679.
1561374679
List the prime factors of 54899731.
54899731
What are the prime factors of 21151114?
2, 31, 113, 3019
List the prime factors of 183264422.
2, 11, 757291
List the prime factors of 2922653164.
2, 223, 3276517
List the prime factors of 1840259022.
2, 3, 7, 19, 79, 29191
List the prime factors of 78409161.
3, 347, 8369
List the prime factors of 47630089.
13, 263, 13931
What are the prime factors of 120734707?
2113, 57139
List the prime factors of 835245419.
835245419
What are the prime factors of 399299638?
2, 17, 11744107
List the prime factors of 2559891.
3, 73, 11689
What are the prime factors of 63153906?
2, 3, 23, 73, 6269
List the prime factors of 389976663.
3, 263, 494267
List the prime factors of 4122133071.
3, 7, 23, 41, 5077
List the prime factors of 2532958899.
3, 10847, 77839
What are the prime factors of 41655940?
2, 5, 31, 67187
List the prime factors of 105934275.
3, 5, 470819
What are the prime factors of 366988813?
366988813
List the prime factors of 1132591542.
2, 3, 113, 1670489
What are the prime factors of 469942153?
469942153
What are the prime factors of 134108989?
7, 71, 151, 1787
List the prime factors of 4941289983.
3, 7, 5351, 43973
List the prime factors of 1867917377.
23, 43, 257, 7349
List the prime factors of 4160399.
4160399
What are the prime factors of 2729048305?
5, 257, 2123773
What are the prime factors of 1387760817?
3, 19, 71, 137, 2503
List the prime factors of 58992317.
41, 1438837
What are the prime factors of 379812?
2, 3, 31, 1021
List the prime factors of 68610067.
68610067
What are the prime factors of 33845728?
2, 7, 61, 2477
List the prime factors of 500543316.
2, 3, 7, 13, 152791
List the prime factors of 4557525644.
2, 7, 162768773
List the prime factors of 69997872.
2, 3, 7, 29761
What are the prime factors of 4554580010?
2, 5, 455458001
What are the prime factors of 24867678?
2, 3, 11, 34253
List the prime factors of 266705633.
266705633
List the prime factors of 46682486.
2, 251, 92993
What are the prime factors of 42352341?
3, 89, 127, 1249
List the prime factors of 145303993.
145303993
What are the prime factors of 626607149?
7, 47, 827
What are the prime factors of 644960620?
2, 5, 17, 239, 7937
List the prime factors of 56277374.
2, 28138687
List the prime factors of 279951826.
2, 7, 11, 79, 23011
List the prime factors of 47645470.
2, 5, 4764547
List the prime factors of 349272230.
2, 5, 29, 37, 43, 757
What are the prime factors of 1088702353?
1481, 735113
What are the prime factors of 1196073244?
2, 97, 3082663
What are the prime factors of 909751578?
2, 3, 19, 1721, 4637
List the prime factors of 5062958020.
2, 5, 17, 14891053
List the prime factors of 2860746324.
2, 3, 19, 12547133
What are the prime factors of 71287786?
2, 31, 1149803
What are the prime factors of 131391241?
83, 1583027
What are the prime factors of 563313290?
2, 5, 71, 793399
List the prime factors of 1097589468.
2, 3, 91465789
List the prime factors of 9613128.
2, 3, 7, 57221
What are the prime factors of 27440651?
7, 1019, 3847
List the prime factors of 795194286.
2, 3, 1601, 82781
List the prime factors of 1531364262.
2, 3, 811, 314707
What are the prime factors of 414614201?
414614201
List the prime factors of 1568633965.
5, 41, 7651873
What are the prime factors of 16398755?
5, 59, 55589
List the prime factors of 582377735.
5, 41, 67, 109, 389
What are the prime factors of 1665050718?
2, 3, 29, 9569257
What are the prime factors of 2120072884?
2, 530018221
List the prime factors of 377099796.
2, 3, 41, 229, 3347
List the prime factors of 26055114.
2, 3, 131, 33149
List the prime factors of 369581343.
3, 17, 7246693
What are the prime factors of 276863?
29, 9547
What are the prime factors of 2715884794?
2, 7, 269, 721159
What are the prime factors of 109743685?
5, 29, 756853
What are the prime factors of 365770124?
2, 91442531
What are the prime factors of 1457849081?
13, 19, 43, 317, 433
What are the prime factors of 134186910?
2, 3, 5, 11, 13, 31, 1009
What are the prime factors of 347751395?
5, 19, 3660541
What are the prime factors of 22411016?
2, 23, 31, 3929
What are the prime factors of 217580046?
2, 3, 23, 61, 25847
List the prime factors of 6972023157.
3, 11, 83, 953, 2671
What are the prime factors of 512805314?
2, 7, 36628951
What are the prime factors of 347844289?
13, 37, 723169
List the prime factors of 5548196488.
2, 11633, 59617
What are the prime factors of 606520288?
2, 11, 17, 79, 1283
What are the prime factors of 1126842447?
3, 61, 6157609
List the prime factors of 154202522.
2, 5683, 13567
What are the prime factors of 312073231?
43, 7257517
What are the prime factors of 123547143?
3, 17, 61, 151, 263
What are the prime factors of 177765826?
2, 7, 1813937
List the prime factors of 4833318966.
2, 3, 7, 115079023
List the prime factors of 4856567.
4856567
List the prime factors of 1464299053.
7, 47, 4450757
What are the prime factors of 1839028050?
2, 3, 5, 19, 23899
What are th